atest common factor of 1648 and 927?
103
Calculate the highest common factor of 2760 and 880.
40
What is the highest common factor of 136 and 8500?
68
What is the highest common factor of 56 and 18284?
28
Calculate the highest common divisor of 2835 and 105.
105
What is the greatest common factor of 400 and 180?
20
Calculate the greatest common factor of 108 and 204.
12
What is the greatest common factor of 10807 and 321?
107
What is the greatest common divisor of 374 and 442?
34
What is the highest common divisor of 124 and 1550?
62
Calculate the highest common divisor of 196 and 1120.
28
Calculate the greatest common factor of 40 and 5130.
10
What is the highest common divisor of 11 and 3?
1
What is the greatest common divisor of 105 and 399?
21
Calculate the greatest common divisor of 54 and 48.
6
What is the highest common factor of 5487 and 1593?
177
Calculate the highest common factor of 24 and 636.
12
What is the greatest common factor of 123 and 3?
3
What is the greatest common factor of 3 and 24?
3
Calculate the greatest common divisor of 370 and 10.
10
Calculate the highest common factor of 16776 and 48.
24
Calculate the highest common divisor of 930 and 30.
30
What is the greatest common factor of 20 and 160?
20
Calculate the highest common divisor of 715 and 7293.
143
What is the highest common factor of 2241 and 166?
83
What is the highest common divisor of 762 and 889?
127
Calculate the highest common factor of 55 and 22.
11
Calculate the highest common divisor of 28471 and 71.
71
Calculate the highest common divisor of 12752 and 64.
16
Calculate the greatest common factor of 170 and 90.
10
What is the greatest common factor of 6838 and 26?
26
Calculate the greatest common factor of 817 and 430.
43
What is the greatest common factor of 216 and 60?
12
What is the highest common divisor of 75 and 33225?
75
Calculate the greatest common factor of 342 and 18.
18
Calculate the greatest common divisor of 31 and 899.
31
Calculate the greatest common factor of 4 and 52.
4
What is the highest common factor of 172 and 13244?
172
What is the greatest common factor of 289 and 17?
17
What is the highest common factor of 18 and 126?
18
What is the greatest common factor of 20 and 5?
5
Calculate the highest common factor of 574 and 2624.
82
Calculate the greatest common factor of 6 and 762.
6
Calculate the highest common divisor of 135 and 2565.
135
Calculate the highest common divisor of 786 and 5240.
262
Calculate the greatest common divisor of 2954 and 14.
14
Calculate the greatest common divisor of 216 and 24.
24
Calculate the highest common factor of 245 and 85.
5
What is the greatest common divisor of 18175 and 25?
25
What is the highest common factor of 5 and 35?
5
Calculate the highest common factor of 3486 and 84.
42
What is the highest common divisor of 221 and 34?
17
Calculate the highest common divisor of 320 and 72.
8
Calculate the greatest common factor of 432 and 16.
16
Calculate the highest common divisor of 45 and 150.
15
What is the greatest common factor of 65803 and 23?
23
Calculate the highest common divisor of 27 and 81.
27
Calculate the highest common factor of 31986 and 18.
18
Calculate the highest common divisor of 682 and 11.
11
Calculate the greatest common factor of 119 and 7.
7
What is the highest common divisor of 102 and 648?
6
Calculate the highest common factor of 49 and 5537.
49
Calculate the greatest common factor of 24 and 552.
24
Calculate the highest common divisor of 12 and 28.
4
What is the greatest common factor of 42 and 21686?
14
Calculate the highest common factor of 340 and 440.
20
What is the greatest common factor of 225 and 81?
9
Calculate the greatest common factor of 48 and 42.
6
What is the greatest common divisor of 5 and 3975?
5
Calculate the greatest common factor of 4715 and 615.
205
Calculate the greatest common divisor of 4320 and 27.
27
What is the highest common divisor of 16 and 6328?
8
Calculate the highest common divisor of 50 and 1920.
10
Calculate the highest common divisor of 2 and 74.
2
Calculate the greatest common divisor of 903 and 2451.
129
What is the highest common factor of 20 and 3490?
10
What is the highest common factor of 171 and 38?
19
Calculate the greatest common divisor of 4860 and 140.
20
Calculate the highest common divisor of 260 and 104.
52
What is the greatest common divisor of 1 and 8?
1
What is the highest common divisor of 116 and 261?
29
What is the highest common divisor of 1608 and 552?
24
Calculate the highest common factor of 56 and 7.
7
What is the highest common divisor of 1393 and 7?
7
Calculate the greatest common divisor of 21 and 2205.
21
Calculate the highest common divisor of 247 and 57.
19
Calculate the greatest common factor of 192 and 498.
6
Calculate the greatest common divisor of 34 and 68.
34
What is the greatest common divisor of 960 and 1984?
64
Calculate the greatest common divisor of 679 and 291.
97
Calculate the highest common factor of 273 and 63.
21
Calculate the highest common divisor of 525 and 825.
75
Calculate the greatest common divisor of 500 and 1125.
125
What is the highest common factor of 344 and 215?
43
What is the highest common divisor of 8845 and 290?
145
Calculate the greatest common divisor of 20 and 90.
10
What is the greatest common divisor of 21 and 1869?
21
What is the highest common factor of 90 and 8?
2
Calculate the greatest common factor of 63 and 36.
9
Calculate the highest common factor of 20 and 2590.
10
What is the greatest common divisor of 10 and 90?
10
Calculate the greatest common factor of 88 and 2002.
22
What is the highest common factor of 2982 and 126?
42
Calculate the highest common factor of 2641 and 278.
139
What is the highest common factor of 415 and 83?
83
What is the highest common factor of 10 and 310?
10
Calculate the greatest common divisor of 51 and 1105.
17
What is the highest common divisor of 7562 and 190?
38
What is the highest common factor of 975 and 299?
13
Calculate the highest common divisor of 224 and 16.
16
What is the highest common factor of 1536 and 3?
3
Calculate the highest common factor of 938 and 14.
14
Calculate the highest common factor of 46 and 1656.
46
What is the highest common divisor of 1008 and 144?
144
Calculate the highest common divisor of 6570 and 450.
90
Calculate the greatest common divisor of 2 and 46.
2
What is the highest common divisor of 820 and 42025?
205
Calculate the greatest common divisor of 428 and 7169.
107
What is the highest common divisor of 29026 and 46?
46
Calculate the greatest common divisor of 184 and 10511.
23
What is the highest common factor of 348 and 36?
12
What is the highest common divisor of 14878 and 86?
86
What is the greatest common factor of 121 and 2904?
121
What is the highest common factor of 13350 and 30?
30
What is the highest common factor of 10 and 202?
2
What is the greatest common factor of 77 and 7?
7
Calculate the highest common divisor of 1670 and 10.
10
What is the greatest common divisor of 217 and 14?
7
What is the highest common factor of 33 and 11957?
11
What is the highest common factor of 10 and 80?
10
Calculate the greatest common factor of 99 and 6633.
99
What is the greatest common factor of 20 and 190?
10
Calculate the greatest common factor of 416 and 598.
26
Calculate the highest common factor of 55 and 1111.
11
Calculate the greatest common factor of 39 and 169.
13
What is the greatest common factor of 41 and 2009?
41
Calculate the greatest common divisor of 1672 and 264.
88
What is the highest common divisor of 70 and 90?
10
What is the highest common divisor of 22 and 66?
22
What is the greatest common factor of 16643 and 445?
89
What is the highest common factor of 1925 and 495?
55
What is the highest common divisor of 44 and 212?
4
What is the greatest common divisor of 3 and 12468?
3
What is the greatest common factor of 11 and 55?
11
Calculate the greatest common divisor of 948 and 12.
12
What is the highest common factor of 32 and 72?
8
What is the highest common factor of 325 and 25?
25
What is the greatest common factor of 130 and 455?
65
Calculate the greatest common factor of 3420 and 1615.
95
What is the greatest common divisor of 28 and 546?
14
What is the greatest common diviso